{"version":"1.0","provider_name":"UFB","provider_url":"https:\/\/ufb.be\/en\/","author_name":"ufb","author_url":"https:\/\/ufb.be\/en\/author\/ufb\/","title":"Esneux-Tilff Jeunesse asbl - Maison des Jeunes - UFB","type":"rich","width":600,"height":338,"html":"<blockquote class=\"wp-embedded-content\" data-secret=\"WNjEzTK11p\"><a href=\"https:\/\/ufb.be\/en\/beneficiary\/esneux-tilff-jeunesse-asbl-maison-des-jeunes\/\">Esneux-Tilff Jeunesse asbl &#8211; Maison des Jeunes<\/a><\/blockquote><iframe sandbox=\"allow-scripts\" security=\"restricted\" src=\"https:\/\/ufb.be\/en\/beneficiary\/esneux-tilff-jeunesse-asbl-maison-des-jeunes\/embed\/#?secret=WNjEzTK11p\" width=\"600\" height=\"338\" title=\"&#8220;Esneux-Tilff Jeunesse asbl &#8211; Maison des Jeunes&#8221; &#8212; UFB\" data-secret=\"WNjEzTK11p\" frameborder=\"0\" marginwidth=\"0\" marginheight=\"0\" scrolling=\"no\" class=\"wp-embedded-content\"><\/iframe><script type=\"text\/javascript\">\n\/* <![CDATA[ *\/\n\/*! This file is auto-generated *\/\n!function(d,l){\"use strict\";l.querySelector&&d.addEventListener&&\"undefined\"!=typeof URL&&(d.wp=d.wp||{},d.wp.receiveEmbedMessage||(d.wp.receiveEmbedMessage=function(e){var t=e.data;if((t||t.secret||t.message||t.value)&&!\/[^a-zA-Z0-9]\/.test(t.secret)){for(var s,r,n,a=l.querySelectorAll('iframe[data-secret=\"'+t.secret+'\"]'),o=l.querySelectorAll('blockquote[data-secret=\"'+t.secret+'\"]'),c=new RegExp(\"^https?:$\",\"i\"),i=0;i<o.length;i++)o[i].style.display=\"none\";for(i=0;i<a.length;i++)s=a[i],e.source===s.contentWindow&&(s.removeAttribute(\"style\"),\"height\"===t.message?(1e3<(r=parseInt(t.value,10))?r=1e3:~~r<200&&(r=200),s.height=r):\"link\"===t.message&&(r=new URL(s.getAttribute(\"src\")),n=new URL(t.value),c.test(n.protocol))&&n.host===r.host&&l.activeElement===s&&(d.top.location.href=t.value))}},d.addEventListener(\"message\",d.wp.receiveEmbedMessage,!1),l.addEventListener(\"DOMContentLoaded\",function(){for(var e,t,s=l.querySelectorAll(\"iframe.wp-embedded-content\"),r=0;r<s.length;r++)(t=(e=s[r]).getAttribute(\"data-secret\"))||(t=Math.random().toString(36).substring(2,12),e.src+=\"#?secret=\"+t,e.setAttribute(\"data-secret\",t)),e.contentWindow.postMessage({message:\"ready\",secret:t},\"*\")},!1)))}(window,document);\n\/\/# sourceURL=https:\/\/ufb.be\/wp-includes\/js\/wp-embed.min.js\n\/* ]]> *\/\n<\/script>\n","thumbnail_url":"https:\/\/ufb.be\/wp-content\/uploads\/2022\/10\/logo-jet-clean.png","thumbnail_width":2410,"thumbnail_height":2161,"description":"L&#8217;ORGANISATION EN QUELQUES LIGNES Constitu\u00e9e le 12\/03\/2010, notre Maison des Jeunes a pour objet le d\u00e9veloppement d\u2019une citoyennet\u00e9 critique, active et responsable, principalement chez les jeunes de 12 \u00e0 26 ans.\u00a0 Elle vise une participation des jeunes \u00e0 la vie sociale, \u00e9conomique, culturelle et politique ainsi que la mise en \u0153uvre et la promotion des [&hellip;]"}

L&#8217;ORGANISATION EN QUELQUES LIGNES Constituée le 12/03/2010, notre Maison des Jeunes a pour objet le développement d’une citoyenneté critique, active et responsable, principalement chez les jeunes de 12 à 26 ans.  Elle vise une participation des jeunes à la vie sociale, économique, culturelle et politique ainsi que la mise en œuvre et la promotion des [&hellip;]
