{"version":"1.0","provider_name":"UFB","provider_url":"https:\/\/ufb.be\/en\/","author_name":"ufb","author_url":"https:\/\/ufb.be\/en\/author\/ufb\/","title":"Farra Clerlande asbl - Home pour adultes handicap\u00e9s mentaux - UFB","type":"rich","width":600,"height":338,"html":"<blockquote class=\"wp-embedded-content\" data-secret=\"Kv8pkN3xkQ\"><a href=\"https:\/\/ufb.be\/en\/beneficiary\/farra-clerlande-asbl-home-pour-adultes-handicapes-mentaux\/\">Farra Clerlande asbl &#8211; Home pour adultes handicap\u00e9s mentaux<\/a><\/blockquote><iframe sandbox=\"allow-scripts\" security=\"restricted\" src=\"https:\/\/ufb.be\/en\/beneficiary\/farra-clerlande-asbl-home-pour-adultes-handicapes-mentaux\/embed\/#?secret=Kv8pkN3xkQ\" width=\"600\" height=\"338\" title=\"&#8220;Farra Clerlande asbl &#8211; Home pour adultes handicap\u00e9s mentaux&#8221; &#8212; UFB\" data-secret=\"Kv8pkN3xkQ\" frameborder=\"0\" marginwidth=\"0\" marginheight=\"0\" scrolling=\"no\" class=\"wp-embedded-content\"><\/iframe><script type=\"text\/javascript\">\n\/* <![CDATA[ *\/\n\/*! This file is auto-generated *\/\n!function(d,l){\"use strict\";l.querySelector&&d.addEventListener&&\"undefined\"!=typeof URL&&(d.wp=d.wp||{},d.wp.receiveEmbedMessage||(d.wp.receiveEmbedMessage=function(e){var t=e.data;if((t||t.secret||t.message||t.value)&&!\/[^a-zA-Z0-9]\/.test(t.secret)){for(var s,r,n,a=l.querySelectorAll('iframe[data-secret=\"'+t.secret+'\"]'),o=l.querySelectorAll('blockquote[data-secret=\"'+t.secret+'\"]'),c=new RegExp(\"^https?:$\",\"i\"),i=0;i<o.length;i++)o[i].style.display=\"none\";for(i=0;i<a.length;i++)s=a[i],e.source===s.contentWindow&&(s.removeAttribute(\"style\"),\"height\"===t.message?(1e3<(r=parseInt(t.value,10))?r=1e3:~~r<200&&(r=200),s.height=r):\"link\"===t.message&&(r=new URL(s.getAttribute(\"src\")),n=new URL(t.value),c.test(n.protocol))&&n.host===r.host&&l.activeElement===s&&(d.top.location.href=t.value))}},d.addEventListener(\"message\",d.wp.receiveEmbedMessage,!1),l.addEventListener(\"DOMContentLoaded\",function(){for(var e,t,s=l.querySelectorAll(\"iframe.wp-embedded-content\"),r=0;r<s.length;r++)(t=(e=s[r]).getAttribute(\"data-secret\"))||(t=Math.random().toString(36).substring(2,12),e.src+=\"#?secret=\"+t,e.setAttribute(\"data-secret\",t)),e.contentWindow.postMessage({message:\"ready\",secret:t},\"*\")},!1)))}(window,document);\n\/\/# sourceURL=https:\/\/ufb.be\/wp-includes\/js\/wp-embed.min.js\n\/* ]]> *\/\n<\/script>\n","thumbnail_url":"https:\/\/ufb.be\/wp-content\/uploads\/2022\/08\/imagefarraclerlande.png","thumbnail_width":1920,"thumbnail_height":1080,"description":"L&#8217;ORGANISATION EN QUELQUES LIGNES. L\u2019asbl\u00a0 Farra a \u00e9t\u00e9 fond\u00e9 le 14 d\u00e9cembre 1971. Le Farra Clerlande Ottignies a ouvert ses portes en mars 1984. Le Farra Clerlande est un home d\u2019h\u00e9bergement situ\u00e9 \u00e0 Ottignies, dans le Brabant Wallon accueillant 55 personnes adultes \u00e0 handicap mental profond et troubles physiques associ\u00e9s. Il leur propose un accompagnement [&hellip;]"}

Farra Clerlande asbl - Home pour adultes handicapés mentaux - UFB

<blockquote class="wp-embedded-content" data-secret="Kv8pkN3xkQ"><a href="https://ufb.be/en/beneficiary/farra-clerlande-asbl-home-pour-adultes-handicapes-mentaux/">Farra Clerlande asbl &#8211; Home pour adultes handicapés mentaux</a></blockquote><iframe sandbox="allow-scripts" security="restricted" src="https://ufb.be/en/beneficiary/farra-clerlande-asbl-home-pour-adultes-handicapes-mentaux/embed/#?secret=Kv8pkN3xkQ" width="600" height="338" title="&#8220;Farra Clerlande asbl &#8211; Home pour adultes handicapés mentaux&#8221; &#8212; UFB" data-secret="Kv8pkN3xkQ" frameborder="0" marginwidth="0" marginheight="0" scrolling="no" class="wp-embedded-content"></iframe><script type="text/javascript">
/* <![CDATA[ */
/*! This file is auto-generated */
!function(d,l){"use strict";l.querySelector&&d.addEventListener&&"undefined"!=typeof URL&&(d.wp=d.wp||{},d.wp.receiveEmbedMessage||(d.wp.receiveEmbedMessage=function(e){var t=e.data;if((t||t.secret||t.message||t.value)&&!/[^a-zA-Z0-9]/.test(t.secret)){for(var s,r,n,a=l.querySelectorAll('iframe[data-secret="'+t.secret+'"]'),o=l.querySelectorAll('blockquote[data-secret="'+t.secret+'"]'),c=new RegExp("^https?:$","i"),i=0;i<o.length;i++)o[i].style.display="none";for(i=0;i<a.length;i++)s=a[i],e.source===s.contentWindow&&(s.removeAttribute("style"),"height"===t.message?(1e3<(r=parseInt(t.value,10))?r=1e3:~~r<200&&(r=200),s.height=r):"link"===t.message&&(r=new URL(s.getAttribute("src")),n=new URL(t.value),c.test(n.protocol))&&n.host===r.host&&l.activeElement===s&&(d.top.location.href=t.value))}},d.addEventListener("message",d.wp.receiveEmbedMessage,!1),l.addEventListener("DOMContentLoaded",function(){for(var e,t,s=l.querySelectorAll("iframe.wp-embedded-content"),r=0;r<s.length;r++)(t=(e=s[r]).getAttribute("data-secret"))||(t=Math.random().toString(36).substring(2,12),e.src+="#?secret="+t,e.setAttribute("data-secret",t)),e.contentWindow.postMessage({message:"ready",secret:t},"*")},!1)))}(window,document);
//# sourceURL=https://ufb.be/wp-includes/js/wp-embed.min.js
/* ]]> */
</script>

L&#8217;ORGANISATION EN QUELQUES LIGNES. L’asbl  Farra a été fondé le 14 décembre 1971. Le Farra Clerlande Ottignies a ouvert ses portes en mars 1984. Le Farra Clerlande est un home d’hébergement situé à Ottignies, dans le Brabant Wallon accueillant 55 personnes adultes à handicap mental profond et troubles physiques associés. Il leur propose un accompagnement [&hellip;]
