{"version":"1.0","provider_name":"UFB","provider_url":"https:\/\/ufb.be\/en\/","author_name":"ufb","author_url":"https:\/\/ufb.be\/en\/author\/ufb\/","title":"Les Chanterelles asbl - H\u00e9bergement pour handicap\u00e9s mentaux adultes - UFB","type":"rich","width":600,"height":338,"html":"<blockquote class=\"wp-embedded-content\" data-secret=\"wVydPdT6jZ\"><a href=\"https:\/\/ufb.be\/en\/beneficiary\/les-chanterelles-asbl-hebergement-pour-handicapes-mentaux-adultes\/\">Les Chanterelles asbl &#8211; H\u00e9bergement pour handicap\u00e9s mentaux adultes<\/a><\/blockquote><iframe sandbox=\"allow-scripts\" security=\"restricted\" src=\"https:\/\/ufb.be\/en\/beneficiary\/les-chanterelles-asbl-hebergement-pour-handicapes-mentaux-adultes\/embed\/#?secret=wVydPdT6jZ\" width=\"600\" height=\"338\" title=\"&#8220;Les Chanterelles asbl &#8211; H\u00e9bergement pour handicap\u00e9s mentaux adultes&#8221; &#8212; UFB\" data-secret=\"wVydPdT6jZ\" frameborder=\"0\" marginwidth=\"0\" marginheight=\"0\" scrolling=\"no\" class=\"wp-embedded-content\"><\/iframe><script type=\"text\/javascript\">\n\/* <![CDATA[ *\/\n\/*! This file is auto-generated *\/\n!function(d,l){\"use strict\";l.querySelector&&d.addEventListener&&\"undefined\"!=typeof URL&&(d.wp=d.wp||{},d.wp.receiveEmbedMessage||(d.wp.receiveEmbedMessage=function(e){var t=e.data;if((t||t.secret||t.message||t.value)&&!\/[^a-zA-Z0-9]\/.test(t.secret)){for(var s,r,n,a=l.querySelectorAll('iframe[data-secret=\"'+t.secret+'\"]'),o=l.querySelectorAll('blockquote[data-secret=\"'+t.secret+'\"]'),c=new RegExp(\"^https?:$\",\"i\"),i=0;i<o.length;i++)o[i].style.display=\"none\";for(i=0;i<a.length;i++)s=a[i],e.source===s.contentWindow&&(s.removeAttribute(\"style\"),\"height\"===t.message?(1e3<(r=parseInt(t.value,10))?r=1e3:~~r<200&&(r=200),s.height=r):\"link\"===t.message&&(r=new URL(s.getAttribute(\"src\")),n=new URL(t.value),c.test(n.protocol))&&n.host===r.host&&l.activeElement===s&&(d.top.location.href=t.value))}},d.addEventListener(\"message\",d.wp.receiveEmbedMessage,!1),l.addEventListener(\"DOMContentLoaded\",function(){for(var e,t,s=l.querySelectorAll(\"iframe.wp-embedded-content\"),r=0;r<s.length;r++)(t=(e=s[r]).getAttribute(\"data-secret\"))||(t=Math.random().toString(36).substring(2,12),e.src+=\"#?secret=\"+t,e.setAttribute(\"data-secret\",t)),e.contentWindow.postMessage({message:\"ready\",secret:t},\"*\")},!1)))}(window,document);\n\/\/# sourceURL=https:\/\/ufb.be\/wp-includes\/js\/wp-embed.min.js\n\/* ]]> *\/\n<\/script>\n","thumbnail_url":"https:\/\/ufb.be\/wp-content\/uploads\/2022\/08\/450552641_1007200221415566_6909453320927469208_n.jpg","thumbnail_width":2048,"thumbnail_height":1536,"description":"L&#8217;ORGANISATION EN QUELQUES LIGNES Les Chanterelles ASBL a \u00e9t\u00e9 cr\u00e9e le 24\/03\/1978 Si\u00e8ge social : Rue Beauregard 27 \u2013 4130 Esneux Si\u00e8ge administratif : Rue du Pairay, 87 \u2013 4100 Seraing Agr\u00e9ments Les services sont agr\u00e9\u00e9s et subsidi\u00e9s par l\u2019AVIQ \u2013 branche Handicap. Service d\u2019accompagnement en accueil de type familial \u2013 SAF003 \u2013 41 accueils [&hellip;]"}

Les Chanterelles asbl - Hébergement pour handicapés mentaux adultes - UFB

<blockquote class="wp-embedded-content" data-secret="wVydPdT6jZ"><a href="https://ufb.be/en/beneficiary/les-chanterelles-asbl-hebergement-pour-handicapes-mentaux-adultes/">Les Chanterelles asbl &#8211; Hébergement pour handicapés mentaux adultes</a></blockquote><iframe sandbox="allow-scripts" security="restricted" src="https://ufb.be/en/beneficiary/les-chanterelles-asbl-hebergement-pour-handicapes-mentaux-adultes/embed/#?secret=wVydPdT6jZ" width="600" height="338" title="&#8220;Les Chanterelles asbl &#8211; Hébergement pour handicapés mentaux adultes&#8221; &#8212; UFB" data-secret="wVydPdT6jZ" frameborder="0" marginwidth="0" marginheight="0" scrolling="no" class="wp-embedded-content"></iframe><script type="text/javascript">
/* <![CDATA[ */
/*! This file is auto-generated */
!function(d,l){"use strict";l.querySelector&&d.addEventListener&&"undefined"!=typeof URL&&(d.wp=d.wp||{},d.wp.receiveEmbedMessage||(d.wp.receiveEmbedMessage=function(e){var t=e.data;if((t||t.secret||t.message||t.value)&&!/[^a-zA-Z0-9]/.test(t.secret)){for(var s,r,n,a=l.querySelectorAll('iframe[data-secret="'+t.secret+'"]'),o=l.querySelectorAll('blockquote[data-secret="'+t.secret+'"]'),c=new RegExp("^https?:$","i"),i=0;i<o.length;i++)o[i].style.display="none";for(i=0;i<a.length;i++)s=a[i],e.source===s.contentWindow&&(s.removeAttribute("style"),"height"===t.message?(1e3<(r=parseInt(t.value,10))?r=1e3:~~r<200&&(r=200),s.height=r):"link"===t.message&&(r=new URL(s.getAttribute("src")),n=new URL(t.value),c.test(n.protocol))&&n.host===r.host&&l.activeElement===s&&(d.top.location.href=t.value))}},d.addEventListener("message",d.wp.receiveEmbedMessage,!1),l.addEventListener("DOMContentLoaded",function(){for(var e,t,s=l.querySelectorAll("iframe.wp-embedded-content"),r=0;r<s.length;r++)(t=(e=s[r]).getAttribute("data-secret"))||(t=Math.random().toString(36).substring(2,12),e.src+="#?secret="+t,e.setAttribute("data-secret",t)),e.contentWindow.postMessage({message:"ready",secret:t},"*")},!1)))}(window,document);
//# sourceURL=https://ufb.be/wp-includes/js/wp-embed.min.js
/* ]]> */
</script>

L&#8217;ORGANISATION EN QUELQUES LIGNES Les Chanterelles ASBL a été crée le 24/03/1978 Siège social : Rue Beauregard 27 – 4130 Esneux Siège administratif : Rue du Pairay, 87 – 4100 Seraing Agréments Les services sont agréés et subsidiés par l’AVIQ – branche Handicap. Service d’accompagnement en accueil de type familial – SAF003 – 41 accueils [&hellip;]
