{"version":"1.0","provider_name":"UFB","provider_url":"https:\/\/ufb.be\/nl\/","author_name":"ufb","author_url":"https:\/\/ufb.be\/nl\/author\/ufb\/","title":"Action sociale au Bernalmont - UFB","type":"rich","width":600,"height":338,"html":"<blockquote class=\"wp-embedded-content\" data-secret=\"8SEnQqbOsH\"><a href=\"https:\/\/ufb.be\/nl\/beneficiary\/action-sociale-au-bernalmont\/\">Action sociale au Bernalmont<\/a><\/blockquote><iframe sandbox=\"allow-scripts\" security=\"restricted\" src=\"https:\/\/ufb.be\/nl\/beneficiary\/action-sociale-au-bernalmont\/embed\/#?secret=8SEnQqbOsH\" width=\"600\" height=\"338\" title=\"&#8220;Action sociale au Bernalmont&#8221; &#8212; UFB\" data-secret=\"8SEnQqbOsH\" frameborder=\"0\" marginwidth=\"0\" marginheight=\"0\" scrolling=\"no\" class=\"wp-embedded-content\"><\/iframe><script type=\"text\/javascript\">\n\/* <![CDATA[ *\/\n\/*! This file is auto-generated *\/\n!function(d,l){\"use strict\";l.querySelector&&d.addEventListener&&\"undefined\"!=typeof URL&&(d.wp=d.wp||{},d.wp.receiveEmbedMessage||(d.wp.receiveEmbedMessage=function(e){var t=e.data;if((t||t.secret||t.message||t.value)&&!\/[^a-zA-Z0-9]\/.test(t.secret)){for(var s,r,n,a=l.querySelectorAll('iframe[data-secret=\"'+t.secret+'\"]'),o=l.querySelectorAll('blockquote[data-secret=\"'+t.secret+'\"]'),c=new RegExp(\"^https?:$\",\"i\"),i=0;i<o.length;i++)o[i].style.display=\"none\";for(i=0;i<a.length;i++)s=a[i],e.source===s.contentWindow&&(s.removeAttribute(\"style\"),\"height\"===t.message?(1e3<(r=parseInt(t.value,10))?r=1e3:~~r<200&&(r=200),s.height=r):\"link\"===t.message&&(r=new URL(s.getAttribute(\"src\")),n=new URL(t.value),c.test(n.protocol))&&n.host===r.host&&l.activeElement===s&&(d.top.location.href=t.value))}},d.addEventListener(\"message\",d.wp.receiveEmbedMessage,!1),l.addEventListener(\"DOMContentLoaded\",function(){for(var e,t,s=l.querySelectorAll(\"iframe.wp-embedded-content\"),r=0;r<s.length;r++)(t=(e=s[r]).getAttribute(\"data-secret\"))||(t=Math.random().toString(36).substring(2,12),e.src+=\"#?secret=\"+t,e.setAttribute(\"data-secret\",t)),e.contentWindow.postMessage({message:\"ready\",secret:t},\"*\")},!1)))}(window,document);\n\/\/# sourceURL=https:\/\/ufb.be\/wp-includes\/js\/wp-embed.min.js\n\/* ]]> *\/\n<\/script>\n","thumbnail_url":"https:\/\/ufb.be\/wp-content\/uploads\/2022\/10\/Action-sociale-au-Bernalmont_image-2.jpg","thumbnail_width":774,"thumbnail_height":580,"description":"L&#8217;ORGANISATION EN QUELQUES LIGNES Cr\u00e9\u00e9e en 1983, l\u2019association a pour but humaine et la conscientisation des habitants belges et immigr\u00e9s particuli\u00e8rement d\u00e9favoris\u00e9s du quartier du Bernalmont de Li\u00e8ge (avec une attention toute sp\u00e9ciale aux jeunes \u00e0 la formation culturelle, sociale et humaine ainsi qu\u2019\u00e0 celle de leurs parents (en tenant compte de la culture de [&hellip;]"}

L&#8217;ORGANISATION EN QUELQUES LIGNES Créée en 1983, l’association a pour but humaine et la conscientisation des habitants belges et immigrés particulièrement défavorisés du quartier du Bernalmont de Liège (avec une attention toute spéciale aux jeunes à la formation culturelle, sociale et humaine ainsi qu’à celle de leurs parents (en tenant compte de la culture de [&hellip;]
