{"id":17240,"date":"2021-07-12T14:37:03","date_gmt":"2021-07-12T14:37:03","guid":{"rendered":"https:\/\/ufb.be\/?post_type=beneficiary&#038;p=17240"},"modified":"2025-05-12T12:45:35","modified_gmt":"2025-05-12T11:45:35","slug":"accueil-enfants-dun-meme-pere-asbl-accueil-pour-enfants-handicapes","status":"publish","type":"beneficiary","link":"https:\/\/ufb.be\/nl\/beneficiary\/accueil-enfants-dun-meme-pere-asbl-accueil-pour-enfants-handicapes\/","title":{"rendered":"Accueil Enfants d&#8217;un m\u00eame p\u00e8re asbl &#8211; accueil pour enfants handicap\u00e9s"},"content":{"rendered":"","protected":false},"featured_media":17241,"parent":0,"template":"","meta":{"_acf_changed":false},"class_list":["post-17240","beneficiary","type-beneficiary","status-publish","has-post-thumbnail","hentry","year_type-242","province_type-brussels","province_type-liege","social_type-personnes-en-situation-de-handicap"],"acf":[],"yoast_head":"<!-- This site is optimized with the Yoast SEO plugin v27.3 - https:\/\/yoast.com\/product\/yoast-seo-wordpress\/ -->\n<title>Accueil Enfants d&#039;un m\u00eame p\u00e8re asbl - accueil pour enfants handicap\u00e9s - UFB<\/title>\n<meta name=\"robots\" content=\"index, follow, max-snippet:-1, max-image-preview:large, max-video-preview:-1\" \/>\n<link rel=\"canonical\" href=\"https:\/\/ufb.be\/nl\/beneficiary\/accueil-enfants-dun-meme-pere-asbl-accueil-pour-enfants-handicapes\/\" \/>\n<meta property=\"og:locale\" content=\"nl_NL\" \/>\n<meta property=\"og:type\" content=\"article\" \/>\n<meta property=\"og:title\" content=\"Accueil Enfants d&#039;un m\u00eame p\u00e8re asbl - accueil pour enfants handicap\u00e9s - UFB\" \/>\n<meta property=\"og:url\" content=\"https:\/\/ufb.be\/nl\/beneficiary\/accueil-enfants-dun-meme-pere-asbl-accueil-pour-enfants-handicapes\/\" \/>\n<meta property=\"og:site_name\" content=\"UFB\" \/>\n<meta property=\"article:modified_time\" content=\"2025-05-12T11:45:35+00:00\" \/>\n<meta property=\"og:image\" content=\"https:\/\/ufb.be\/wp-content\/uploads\/2021\/07\/fullscreen_image.png\" \/>\n\t<meta property=\"og:image:width\" content=\"726\" \/>\n\t<meta property=\"og:image:height\" content=\"543\" \/>\n\t<meta property=\"og:image:type\" content=\"image\/png\" \/>\n<meta name=\"twitter:card\" content=\"summary_large_image\" \/>\n<script type=\"application\/ld+json\" class=\"yoast-schema-graph\">{\"@context\":\"https:\\\/\\\/schema.org\",\"@graph\":[{\"@type\":\"WebPage\",\"@id\":\"https:\\\/\\\/ufb.be\\\/nl\\\/beneficiary\\\/accueil-enfants-dun-meme-pere-asbl-accueil-pour-enfants-handicapes\\\/\",\"url\":\"https:\\\/\\\/ufb.be\\\/nl\\\/beneficiary\\\/accueil-enfants-dun-meme-pere-asbl-accueil-pour-enfants-handicapes\\\/\",\"name\":\"Accueil Enfants d'un m\u00eame p\u00e8re asbl - accueil pour enfants handicap\u00e9s - UFB\",\"isPartOf\":{\"@id\":\"https:\\\/\\\/ufb.be\\\/nl\\\/#website\"},\"primaryImageOfPage\":{\"@id\":\"https:\\\/\\\/ufb.be\\\/nl\\\/beneficiary\\\/accueil-enfants-dun-meme-pere-asbl-accueil-pour-enfants-handicapes\\\/#primaryimage\"},\"image\":{\"@id\":\"https:\\\/\\\/ufb.be\\\/nl\\\/beneficiary\\\/accueil-enfants-dun-meme-pere-asbl-accueil-pour-enfants-handicapes\\\/#primaryimage\"},\"thumbnailUrl\":\"https:\\\/\\\/ufb.be\\\/wp-content\\\/uploads\\\/2021\\\/07\\\/fullscreen_image.png\",\"datePublished\":\"2021-07-12T14:37:03+00:00\",\"dateModified\":\"2025-05-12T11:45:35+00:00\",\"breadcrumb\":{\"@id\":\"https:\\\/\\\/ufb.be\\\/nl\\\/beneficiary\\\/accueil-enfants-dun-meme-pere-asbl-accueil-pour-enfants-handicapes\\\/#breadcrumb\"},\"inLanguage\":\"nl-NL\",\"potentialAction\":[{\"@type\":\"ReadAction\",\"target\":[\"https:\\\/\\\/ufb.be\\\/nl\\\/beneficiary\\\/accueil-enfants-dun-meme-pere-asbl-accueil-pour-enfants-handicapes\\\/\"]}]},{\"@type\":\"ImageObject\",\"inLanguage\":\"nl-NL\",\"@id\":\"https:\\\/\\\/ufb.be\\\/nl\\\/beneficiary\\\/accueil-enfants-dun-meme-pere-asbl-accueil-pour-enfants-handicapes\\\/#primaryimage\",\"url\":\"https:\\\/\\\/ufb.be\\\/wp-content\\\/uploads\\\/2021\\\/07\\\/fullscreen_image.png\",\"contentUrl\":\"https:\\\/\\\/ufb.be\\\/wp-content\\\/uploads\\\/2021\\\/07\\\/fullscreen_image.png\",\"width\":726,\"height\":543},{\"@type\":\"BreadcrumbList\",\"@id\":\"https:\\\/\\\/ufb.be\\\/nl\\\/beneficiary\\\/accueil-enfants-dun-meme-pere-asbl-accueil-pour-enfants-handicapes\\\/#breadcrumb\",\"itemListElement\":[{\"@type\":\"ListItem\",\"position\":1,\"name\":\"Accueil\",\"item\":\"https:\\\/\\\/ufb.be\\\/nl\\\/\"},{\"@type\":\"ListItem\",\"position\":2,\"name\":\"Beneficiaries\",\"item\":\"https:\\\/\\\/ufb.be\\\/nl\\\/beneficiary\\\/\"},{\"@type\":\"ListItem\",\"position\":3,\"name\":\"Accueil Enfants d&#8217;un m\u00eame p\u00e8re asbl &#8211; accueil pour enfants handicap\u00e9s\"}]},{\"@type\":\"WebSite\",\"@id\":\"https:\\\/\\\/ufb.be\\\/nl\\\/#website\",\"url\":\"https:\\\/\\\/ufb.be\\\/nl\\\/\",\"name\":\"United Fund for Belgium\",\"description\":\"Combattons l\u2019exclusion pour plus d\u2019int\u00e9gration sociale\",\"publisher\":{\"@id\":\"https:\\\/\\\/ufb.be\\\/nl\\\/#organization\"},\"alternateName\":\"UFB\",\"potentialAction\":[{\"@type\":\"SearchAction\",\"target\":{\"@type\":\"EntryPoint\",\"urlTemplate\":\"https:\\\/\\\/ufb.be\\\/nl\\\/?s={search_term_string}\"},\"query-input\":{\"@type\":\"PropertyValueSpecification\",\"valueRequired\":true,\"valueName\":\"search_term_string\"}}],\"inLanguage\":\"nl-NL\"},{\"@type\":\"Organization\",\"@id\":\"https:\\\/\\\/ufb.be\\\/nl\\\/#organization\",\"name\":\"United Fund for Belgium\",\"alternateName\":\"UFB\",\"url\":\"https:\\\/\\\/ufb.be\\\/nl\\\/\",\"logo\":{\"@type\":\"ImageObject\",\"inLanguage\":\"nl-NL\",\"@id\":\"https:\\\/\\\/ufb.be\\\/nl\\\/#\\\/schema\\\/logo\\\/image\\\/\",\"url\":\"https:\\\/\\\/ufb.be\\\/wp-content\\\/uploads\\\/2025\\\/07\\\/Logo-UFB-RS.png\",\"contentUrl\":\"https:\\\/\\\/ufb.be\\\/wp-content\\\/uploads\\\/2025\\\/07\\\/Logo-UFB-RS.png\",\"width\":200,\"height\":200,\"caption\":\"United Fund for Belgium\"},\"image\":{\"@id\":\"https:\\\/\\\/ufb.be\\\/nl\\\/#\\\/schema\\\/logo\\\/image\\\/\"}}]}<\/script>\n<!-- \/ Yoast SEO plugin. -->","yoast_head_json":{"title":"Accueil Enfants d'un m\u00eame p\u00e8re asbl - accueil pour enfants handicap\u00e9s - UFB","robots":{"index":"index","follow":"follow","max-snippet":"max-snippet:-1","max-image-preview":"max-image-preview:large","max-video-preview":"max-video-preview:-1"},"canonical":"https:\/\/ufb.be\/nl\/beneficiary\/accueil-enfants-dun-meme-pere-asbl-accueil-pour-enfants-handicapes\/","og_locale":"nl_NL","og_type":"article","og_title":"Accueil Enfants d'un m\u00eame p\u00e8re asbl - accueil pour enfants handicap\u00e9s - UFB","og_url":"https:\/\/ufb.be\/nl\/beneficiary\/accueil-enfants-dun-meme-pere-asbl-accueil-pour-enfants-handicapes\/","og_site_name":"UFB","article_modified_time":"2025-05-12T11:45:35+00:00","og_image":[{"width":726,"height":543,"url":"https:\/\/ufb.be\/wp-content\/uploads\/2021\/07\/fullscreen_image.png","type":"image\/png"}],"twitter_card":"summary_large_image","schema":{"@context":"https:\/\/schema.org","@graph":[{"@type":"WebPage","@id":"https:\/\/ufb.be\/nl\/beneficiary\/accueil-enfants-dun-meme-pere-asbl-accueil-pour-enfants-handicapes\/","url":"https:\/\/ufb.be\/nl\/beneficiary\/accueil-enfants-dun-meme-pere-asbl-accueil-pour-enfants-handicapes\/","name":"Accueil Enfants d'un m\u00eame p\u00e8re asbl - accueil pour enfants handicap\u00e9s - UFB","isPartOf":{"@id":"https:\/\/ufb.be\/nl\/#website"},"primaryImageOfPage":{"@id":"https:\/\/ufb.be\/nl\/beneficiary\/accueil-enfants-dun-meme-pere-asbl-accueil-pour-enfants-handicapes\/#primaryimage"},"image":{"@id":"https:\/\/ufb.be\/nl\/beneficiary\/accueil-enfants-dun-meme-pere-asbl-accueil-pour-enfants-handicapes\/#primaryimage"},"thumbnailUrl":"https:\/\/ufb.be\/wp-content\/uploads\/2021\/07\/fullscreen_image.png","datePublished":"2021-07-12T14:37:03+00:00","dateModified":"2025-05-12T11:45:35+00:00","breadcrumb":{"@id":"https:\/\/ufb.be\/nl\/beneficiary\/accueil-enfants-dun-meme-pere-asbl-accueil-pour-enfants-handicapes\/#breadcrumb"},"inLanguage":"nl-NL","potentialAction":[{"@type":"ReadAction","target":["https:\/\/ufb.be\/nl\/beneficiary\/accueil-enfants-dun-meme-pere-asbl-accueil-pour-enfants-handicapes\/"]}]},{"@type":"ImageObject","inLanguage":"nl-NL","@id":"https:\/\/ufb.be\/nl\/beneficiary\/accueil-enfants-dun-meme-pere-asbl-accueil-pour-enfants-handicapes\/#primaryimage","url":"https:\/\/ufb.be\/wp-content\/uploads\/2021\/07\/fullscreen_image.png","contentUrl":"https:\/\/ufb.be\/wp-content\/uploads\/2021\/07\/fullscreen_image.png","width":726,"height":543},{"@type":"BreadcrumbList","@id":"https:\/\/ufb.be\/nl\/beneficiary\/accueil-enfants-dun-meme-pere-asbl-accueil-pour-enfants-handicapes\/#breadcrumb","itemListElement":[{"@type":"ListItem","position":1,"name":"Accueil","item":"https:\/\/ufb.be\/nl\/"},{"@type":"ListItem","position":2,"name":"Beneficiaries","item":"https:\/\/ufb.be\/nl\/beneficiary\/"},{"@type":"ListItem","position":3,"name":"Accueil Enfants d&#8217;un m\u00eame p\u00e8re asbl &#8211; accueil pour enfants handicap\u00e9s"}]},{"@type":"WebSite","@id":"https:\/\/ufb.be\/nl\/#website","url":"https:\/\/ufb.be\/nl\/","name":"United Fund for Belgium","description":"Combattons l\u2019exclusion pour plus d\u2019int\u00e9gration sociale","publisher":{"@id":"https:\/\/ufb.be\/nl\/#organization"},"alternateName":"UFB","potentialAction":[{"@type":"SearchAction","target":{"@type":"EntryPoint","urlTemplate":"https:\/\/ufb.be\/nl\/?s={search_term_string}"},"query-input":{"@type":"PropertyValueSpecification","valueRequired":true,"valueName":"search_term_string"}}],"inLanguage":"nl-NL"},{"@type":"Organization","@id":"https:\/\/ufb.be\/nl\/#organization","name":"United Fund for Belgium","alternateName":"UFB","url":"https:\/\/ufb.be\/nl\/","logo":{"@type":"ImageObject","inLanguage":"nl-NL","@id":"https:\/\/ufb.be\/nl\/#\/schema\/logo\/image\/","url":"https:\/\/ufb.be\/wp-content\/uploads\/2025\/07\/Logo-UFB-RS.png","contentUrl":"https:\/\/ufb.be\/wp-content\/uploads\/2025\/07\/Logo-UFB-RS.png","width":200,"height":200,"caption":"United Fund for Belgium"},"image":{"@id":"https:\/\/ufb.be\/nl\/#\/schema\/logo\/image\/"}}]}},"_links":{"self":[{"href":"https:\/\/ufb.be\/nl\/wp-json\/wp\/v2\/beneficiary\/17240","targetHints":{"allow":["GET"]}}],"collection":[{"href":"https:\/\/ufb.be\/nl\/wp-json\/wp\/v2\/beneficiary"}],"about":[{"href":"https:\/\/ufb.be\/nl\/wp-json\/wp\/v2\/types\/beneficiary"}],"wp:featuredmedia":[{"embeddable":true,"href":"https:\/\/ufb.be\/nl\/wp-json\/wp\/v2\/media\/17241"}],"wp:attachment":[{"href":"https:\/\/ufb.be\/nl\/wp-json\/wp\/v2\/media?parent=17240"}],"curies":[{"name":"wp","href":"https:\/\/api.w.org\/{rel}","templated":true}]}}

Accueil Enfants d&#8217;un même père asbl &#8211; accueil pour enfants handicapés

<!-- This site is optimized with the Yoast SEO plugin v27.3 - https://yoast.com/product/yoast-seo-wordpress/ -->
<title>Accueil Enfants d&#039;un même père asbl - accueil pour enfants handicapés - UFB</title>
<meta name="robots" content="index, follow, max-snippet:-1, max-image-preview:large, max-video-preview:-1" />
<link rel="canonical" href="https://ufb.be/nl/beneficiary/accueil-enfants-dun-meme-pere-asbl-accueil-pour-enfants-handicapes/" />
<meta property="og:locale" content="nl_NL" />
<meta property="og:type" content="article" />
<meta property="og:title" content="Accueil Enfants d&#039;un même père asbl - accueil pour enfants handicapés - UFB" />
<meta property="og:url" content="https://ufb.be/nl/beneficiary/accueil-enfants-dun-meme-pere-asbl-accueil-pour-enfants-handicapes/" />
<meta property="og:site_name" content="UFB" />
<meta property="article:modified_time" content="2025-05-12T11:45:35+00:00" />
<meta property="og:image" content="https://ufb.be/wp-content/uploads/2021/07/fullscreen_image.png" />
	<meta property="og:image:width" content="726" />
	<meta property="og:image:height" content="543" />
	<meta property="og:image:type" content="image/png" />
<meta name="twitter:card" content="summary_large_image" />
<script type="application/ld+json" class="yoast-schema-graph">{"@context":"https:\/\/schema.org","@graph":[{"@type":"WebPage","@id":"https:\/\/ufb.be\/nl\/beneficiary\/accueil-enfants-dun-meme-pere-asbl-accueil-pour-enfants-handicapes\/","url":"https:\/\/ufb.be\/nl\/beneficiary\/accueil-enfants-dun-meme-pere-asbl-accueil-pour-enfants-handicapes\/","name":"Accueil Enfants d'un même père asbl - accueil pour enfants handicapés - UFB","isPartOf":{"@id":"https:\/\/ufb.be\/nl\/#website"},"primaryImageOfPage":{"@id":"https:\/\/ufb.be\/nl\/beneficiary\/accueil-enfants-dun-meme-pere-asbl-accueil-pour-enfants-handicapes\/#primaryimage"},"image":{"@id":"https:\/\/ufb.be\/nl\/beneficiary\/accueil-enfants-dun-meme-pere-asbl-accueil-pour-enfants-handicapes\/#primaryimage"},"thumbnailUrl":"https:\/\/ufb.be\/wp-content\/uploads\/2021\/07\/fullscreen_image.png","datePublished":"2021-07-12T14:37:03+00:00","dateModified":"2025-05-12T11:45:35+00:00","breadcrumb":{"@id":"https:\/\/ufb.be\/nl\/beneficiary\/accueil-enfants-dun-meme-pere-asbl-accueil-pour-enfants-handicapes\/#breadcrumb"},"inLanguage":"nl-NL","potentialAction":[{"@type":"ReadAction","target":["https:\/\/ufb.be\/nl\/beneficiary\/accueil-enfants-dun-meme-pere-asbl-accueil-pour-enfants-handicapes\/"]}]},{"@type":"ImageObject","inLanguage":"nl-NL","@id":"https:\/\/ufb.be\/nl\/beneficiary\/accueil-enfants-dun-meme-pere-asbl-accueil-pour-enfants-handicapes\/#primaryimage","url":"https:\/\/ufb.be\/wp-content\/uploads\/2021\/07\/fullscreen_image.png","contentUrl":"https:\/\/ufb.be\/wp-content\/uploads\/2021\/07\/fullscreen_image.png","width":726,"height":543},{"@type":"BreadcrumbList","@id":"https:\/\/ufb.be\/nl\/beneficiary\/accueil-enfants-dun-meme-pere-asbl-accueil-pour-enfants-handicapes\/#breadcrumb","itemListElement":[{"@type":"ListItem","position":1,"name":"Accueil","item":"https:\/\/ufb.be\/nl\/"},{"@type":"ListItem","position":2,"name":"Beneficiaries","item":"https:\/\/ufb.be\/nl\/beneficiary\/"},{"@type":"ListItem","position":3,"name":"Accueil Enfants d&#8217;un même père asbl &#8211; accueil pour enfants handicapés"}]},{"@type":"WebSite","@id":"https:\/\/ufb.be\/nl\/#website","url":"https:\/\/ufb.be\/nl\/","name":"United Fund for Belgium","description":"Combattons l’exclusion pour plus d’intégration sociale","publisher":{"@id":"https:\/\/ufb.be\/nl\/#organization"},"alternateName":"UFB","potentialAction":[{"@type":"SearchAction","target":{"@type":"EntryPoint","urlTemplate":"https:\/\/ufb.be\/nl\/?s={search_term_string}"},"query-input":{"@type":"PropertyValueSpecification","valueRequired":true,"valueName":"search_term_string"}}],"inLanguage":"nl-NL"},{"@type":"Organization","@id":"https:\/\/ufb.be\/nl\/#organization","name":"United Fund for Belgium","alternateName":"UFB","url":"https:\/\/ufb.be\/nl\/","logo":{"@type":"ImageObject","inLanguage":"nl-NL","@id":"https:\/\/ufb.be\/nl\/#\/schema\/logo\/image\/","url":"https:\/\/ufb.be\/wp-content\/uploads\/2025\/07\/Logo-UFB-RS.png","contentUrl":"https:\/\/ufb.be\/wp-content\/uploads\/2025\/07\/Logo-UFB-RS.png","width":200,"height":200,"caption":"United Fund for Belgium"},"image":{"@id":"https:\/\/ufb.be\/nl\/#\/schema\/logo\/image\/"}}]}</script>
<!-- / Yoast SEO plugin. -->

Accueil Enfants d'un même père asbl - accueil pour enfants handicapés - UFB

Combattons l’exclusion pour plus d’intégration sociale
